76
In base 6, what is -112133 + -3?
-112140
In base 2, what is -10 + -110001100101111010?
-110001100101111100
In base 8, what is 321 - 12?
307
In base 9, what is -108 + -1508?
-1617
In base 6, what is 305 + 413?
1122
In base 7, what is 3 + 260563?
260566
In base 3, what is -20101002 + -1010?
-20102012
In base 3, what is 120201 + -22002120?
-21111212
In base 3, what is 1021022021 + 22?
1021022120
In base 2, what is -10100010 - -10001000111?
1110100101
In base 14, what is 0 + -2503?
-2503
In base 6, what is 3 - 34240?
-34233
In base 3, what is 10120220002 - 12?
10120212220
In base 14, what is -1251 - -3c?
-1213
In base 12, what is a086 + 7?
a091
In base 5, what is 43444 + -21?
43423
In base 13, what is -2b15 - 20?
-2b35
In base 6, what is 200530512 + 4?
200530520
In base 12, what is 483a - -6?
4844
In base 15, what is 99809 + -2?
99807
In base 14, what is -96 + a1?
9
In base 15, what is c3ae - 9?
c3a5
In base 2, what is -1 + 11111111001100111?
11111111001100110
In base 14, what is -20 + -1759?
-1779
In base 16, what is 4 - -111a42?
111a46
In base 3, what is -1021201222 - -2221?
-1021122001
In base 7, what is -3 + -23666?
-24002
In base 12, what is -86 + 4658?
4592
In base 11, what is 8453 + -12?
8441
In base 8, what is 743 + 74?
1037
In base 8, what is -353354 + 22?
-353332
In base 5, what is 10 - -1020231?
1020241
In base 2, what is -110010 + 10100001010?
10011011000
In base 5, what is -201231203 + -1?
-201231204
In base 13, what is -1887 - 1b?
-18a5
In base 2, what is 101 - 1010101111010001010?
-1010101111010000101
In base 13, what is -3 + -1171c1?
-1171c4
In base 8, what is 1135536 - -16?
1135554
In base 2, what is 10000 - 110010111011?
-110010101011
In base 15, what is -18446 - 4?
-1844a
In base 6, what is 3 - 2334350?
-2334343
In base 11, what is a04a7 - -2?
a04a9
In base 8, what is -20 + -273721?
-273741
In base 11, what is -986220 + 1?
-98621a
In base 10, what is 2 + -47074?
-47072
In base 14, what is -1303 - -31?
-12b2
In base 7, what is -2155336 - -5?
-2155331
In base 13, what is -3c897 + -5?
-3c89c
In base 9, what is 1471 - 0?
1471
In base 2, what is -101110000010011101 - 100?
-101110000010100001
In base 13, what is 27c25 - -9?
27c31
In base 2, what is 10111111001 + 100101000?
11100100001
In base 6, what is -5345415 - -5?
-5345410
In base 8, what is 142650 - 0?
142650
In base 12, what is 91a7 - -9?
91b4
In base 4, what is 102012130310 - 10?
102012130300
In base 7, what is -100240 - -40?
-100200
In base 7, what is -1056 - 42135?
-43224
In base 12, what is -1a50 + 20?
-1a30
In base 2, what is 1101111000000100 + -1?
1101111000000011
In base 5, what is 30034 - 140?
24344
In base 3, what is 10112 - -112211120?
112222002
In base 9, what is -13370 + -16?
-13386
In base 6, what is 2 + -313105?
-313103
In base 12, what is 2 + 203164?
203166
In base 7, what is 140654 - 6?
140645
In base 6, what is 1 - 1431342?
-1431341
In base 3, what is 2 - 220001?
-212222
In base 11, what is -1aa6 + 514?
-1592
In base 13, what is 4 - 7c77?
-7c73
In base 13, what is -2 + 12843?
12841
In base 4, what is -2013 + -1012330?
-1021003
In base 15, what is 160 + 328?
488
In base 7, what is -2363420 - 5?
-2363425
In base 5, what is 441 + -1001?
-10
In base 12, what is 26628 + -8?
26620
In base 3, what is 12212112 - -1111?
12221000
In base 7, what is -121 - 133651?
-134102
In base 2, what is 111110 + -10011111?
-1100001
In base 16, what is 4 + -144a?
-1446
In base 6, what is -3 - -11220301?
11220254
In base 13, what is -b + 61b?
610
In base 7, what is -2 + 2561361?
2561356
In base 12, what is -127b6 - -5?
-127b1
In base 7, what is 56 + -655?
-566
In base 4, what is 1332223 - -11?
1332300
In base 12, what is -2aa + -ab7?
-11a5
In base 13, what is 5229c2 + 3?
5229c5
In base 14, what is -c3b8 + -4?
-c3bc
In base 3, what is 10112120 + 212020?
11101210
In base 7, what is -1413321 + -4?
-1413325
In base 2, what is -110101 - 11101001001000?
-11101001111101
In base 6, what is -1 - 1224113?
-1224114
In base 10, what is -41279 - 54?
-41333
In base 11, what is 5a - -573?
622
In base 14, what is -3 + 253a1?
2539c
In base 13, what is -2 - 85a3?
-85a5
In base 11, what is 55 + -1?
54
In base 15, what is -ca1b - -4?
-ca17
In base 8, what is 3 + 753676?
753701
In base 4, what is -13002132 + -10?
-13002202
In base 3, what is -1210222211 - -1210?
-1210221001
In base 9, what is -4 + 347847?
347843
In base 13, what is 1 + a40?
a41
In base 11, what is -10539 + -3?
-10541
In base 8, what is -200 - 623?
-1023
In base 10, what is 12591 - -7?
12598
In base 4, what is 131311 + 1210?
133121
In base 12, what is 11a82 + -2?
11a80
In base 15, what is -22 + c51?
c2e
In base 3, what is -10011120001 + 100?
-10011112201
In base 3, what is -111222012001 + -2?
-111222012010
In base 13, what is 2 - -295c90?
295c92
In base 12, what is -151a + 2?
-1518
In base 4, what is -12100113 - 2?
-12100121
In base 13, what is -429 + -4a?
-476
In base 16, what is cef + a?
cf9
In base 2, what is -1000 - -1011001111000100?
1011001110111100
In base 6, what is -5 - 142515?
-142524
In base 6, what is -1 - -2431113?
2431112
In base 16, what is -161ae - -f?
-1619f
In base 8, what is 4 - -36106?
36112
In base 16, what is -7 + 4100?
40f9
In base 4, what is 2323 + 13200310?
13203233
In base 13, what is -2925 - 3?
-2928
In base 13, what is 468 - -174?
60c
In base 16, what is 41 + -52b?
-4ea
In base 8, what is -72735 - -3?
-72732
In base 9, what is -108821 + 16?
-108804
In base 12, what is 27a2a3 + 4?
27a2a7
In base 2, what is -1110100111010011001 - -10?
-1110100111010010111
In base 6, what is -104 + -32201?
-32305
In base 7, what is 1026 + 1032?
2061
In base 5, what is 1030 + 33022?
34102
In base 2, what is -1100010010110 + 100?
-1100010010010
In base 15, what is -7 - -d55?
d4d
In base 10, what is -258 - -107?
-151
In base 3, what is 22101 - 21121210?
-21022102
In base 15, what is 1c30 + 39?
1c69
In base 4, what is -12012 - -331323?
313311
In base 7, what is -425 + -41?
-466
In base 12, what is 1 + 2aba73?
2aba74
In base 4, what is -123203220 + -11?
-123203231
In base 6, what is 350032 - -22?
350054
In base 10, what is -81622 + 4?
-81618
In base 13, what is 2 - -315?
317
In base 2, what is 100011110101 + 10100?
100100001001
In base 9, what is -10740 - 8?
-10748
In base 12, what is 0 + 1a2b5?
1a2b5
In base 14, what is 5431 + -4?
542b
In base 11, what is 626 + -121?
505
In base 8, what is 110 + 433?
543
In base 2, what is 111110011000110100 - 101?
111110011000101111
In base 5, what is 23 + 1024340?
1024413
In base 5, what is -241433 + -32?
-242020
In base 13, what is 19 + acb6?
b002
In base 14, what is 1d078a + 1?
1d078b
In base 4, what is -10231 - -300?
-3331
In base 13, what is -b3 - 49?
-12c
In base 4, what is -10 + -11220300?
-11220310
In base 2, what is -1101011100 + 10001011011?
11111111
In base 16, what is 745 + 46?
78b
In base 7, what is -4 + 213021?
213014
In base 11, what is 1572 - 708?
965
In base 5, what is -4 + -13232011?
-13232020
In base 3, what is -1 - -1002120120?
1002120112
In base 2, what is 11110110001 - -110?
11110110111
In base 12, what is -49 + -362?
-3ab
In base 7, what is -121634 - -4?
-121630
In base 13, what is c97 - -51b?
14b5
In base 8, what is -502602 + 0?
-502602
In base 14, what is -9a - -92?
-8
In base 5, what is 311324 - 21?
311303
In base 16, what is b789 + 3?
b78c
In base 16, what is 23887 - 3?
23884
In base 13, what is 330668 + 0?
330668
In base 12, what is 1 - -a8758?
a8759
In base 2, what is -11001101111010111 - -101?
-11001101111010010
In base 13, what is -32c4a7 - 1?
-32c4a8
In base 6, what is 215251 + 15?
215310
In base 7, what is -1131 - -5154?
4023
In base 14, what is -18d6 - 5?
-18db
In base 5, what is -10 - 431221?
-431231
In base 4, what is 23310320023 - 10?
23310320013
In base 10, what is -14 - -820?
806
In base 10, what is 3 + 20698?
20701
In base 11, what is -45979a8 - -2?
-45979a6
In base 14, what is -a4 + 125?
61
In base 3, what is -2201202212 - 2?
-2201202221
In base 4, what is 3 - -122023220?
122023223
In base 10, what is -89 - -340?
251
In base 9, what is -617 + 248?
-358
In base 13, what is 3131a + -19?
31301
In base 13, what is -23b2c5 + 3?
-23b2c2
In base 5, what is 12 - 142431?
-142414
In base 3, what is 20 - 1121211010110?
-1121211010020
In base 8, what is -4331 - 25?
-4